Is 19 a factor of 212877045?
True
Is 3723022510 a multiple of 370?
True
Is 109 a factor of 205904161?
True
Is 84 a factor of 1815956611?
False
Does 15080 divide 2704619703?
False
Is 713182810 a multiple of 170?
True
Does 34 divide 105552728?
True
Does 59 divide 292398839?
False
Is 1813 a factor of 31212608?
True
Is 203560401 a multiple of 34?
False
Is 1918 a factor of 50992308?
False
Does 271 divide 551339486?
False
Does 2 divide 30737946?
True
Is 2238 a factor of 223065936?
True
Does 11 divide 63389262?
False
Is 23 a factor of 166293450?
True
Is 1403 a factor of 62873714?
False
Is 62 a factor of 8919188?
False
Does 3 divide 748560729?
True
Does 325 divide 16369458?
False
Does 975 divide 4717050?
True
Does 10853 divide 785507581?
True
Is 7 a factor of 234885?
True
Does 2166 divide 702626574?
True
Does 153 divide 9771957?
True
Does 891 divide 63273949?
False
Is 194047280 a multiple of 909?
False
Is 14 a factor of 4455867514?
True
Is 12 a factor of 221399520?
True
Is 38172060 a multiple of 431?
False
Is 172826453 a multiple of 692?
False
Is 81 a factor of 8080803?
True
Is 42 a factor of 8234730?
True
Is 21 a factor of 779294355?
True
Is 1664 a factor of 752066030?
False
Is 4434 a factor of 676042138?
False
Is 1949932891 a multiple of 142?
False
Is 131078946 a multiple of 139?
True
Is 59 a factor of 272092749?
False
Is 454 a factor of 3681540674?
False
Does 10 divide 1260022195?
False
Does 388 divide 23276508?
True
Does 49 divide 228414330?
False
Does 252 divide 113282696?
False
Does 1871 divide 61499770?
True
Does 699 divide 96770958?
True
Is 40 a factor of 566937641?
False
Does 22 divide 261080925?
False
Is 574186834 a multiple of 56?
False
Does 106 divide 37556966?
True
Does 31 divide 39569043?
False
Is 143815930 a multiple of 1226?
True
Is 174 a factor of 36158213?
False
Is 829 a factor of 108164604?
True
Is 33 a factor of 116604147?
True
Is 12 a factor of 31818360?
True
Does 4985 divide 367703345?
False
Is 19772604 a multiple of 129?
True
Is 6 a factor of 18571266?
True
Is 1301 a factor of 1746159420?
False
Is 64882247 a multiple of 9?
False
Is 2658349944 a multiple of 9?
True
Does 73 divide 5185263?
True
Is 10 a factor of 38891330?
True
Is 70141999 a multiple of 569?
False
Is 1895700958 a multiple of 12?
False
Is 18677310 a multiple of 4629?
False
Is 4758738819 a multiple of 73?
True
Is 5824809 a multiple of 1481?
False
Is 273846405 a multiple of 1085?
True
Is 591268 a multiple of 16?
False
Is 40 a factor of 52840327?
False
Does 229 divide 44652023?
True
Is 282448249 a multiple of 116?
False
Is 3185408224 a multiple of 7894?
False
Does 868 divide 16811117?
False
Does 894 divide 411011136?
True
Does 331 divide 63927023?
True
Is 114563510 a multiple of 685?
True
Does 1587 divide 125258736?
True
Is 170570633 even?
False
Does 374 divide 106948771?
False
Does 13 divide 181290018?
True
Does 8463 divide 4167147348?
True
Is 72923256 a multiple of 322?
False
Does 41 divide 27718747?
True
Is 1691269758 a multiple of 298?
False
Is 131 a factor of 3809218?
True
Does 2278 divide 263793215?
False
Does 11 divide 42423826?
False
Is 2002495 a multiple of 8?
False
Is 573 a factor of 17968707?
True
Does 39 divide 313180800?
False
Is 34 a factor of 2487930790?
True
Is 25060719 a multiple of 333?
False
Does 79 divide 82198944?
False
Is 40 a factor of 3032268000?
True
Does 939 divide 28138074?
True
Is 10761 a factor of 4225084680?
False
Does 18 divide 4146454422?
True
Is 1763697912 a multiple of 9992?
True
Is 2054083 a multiple of 2?
False
Does 1957 divide 639109232?
True
Is 15 a factor of 47590978?
False
Is 114 a factor of 2550704669?
False
Is 580140688 a multiple of 558?
False
Is 1834496902 a multiple of 1226?
True
Does 92 divide 7314161?
False
Is 194 a factor of 3601963433?
False
Does 764 divide 147166264?
True
Is 168471450 a multiple of 1050?
True
Is 1991351328 a multiple of 12?
True
Is 124293069 a multiple of 92?
False
Is 7833 a factor of 3026121681?
False
Is 47 a factor of 39995778?
True
Is 147 a factor of 81834312?
True
Is 110958176 a multiple of 217?
True
Is 93 a factor of 4211134?
False
Does 157 divide 2699446?
False
Does 70 divide 155822590?
True
Is 20 a factor of 13530623?
False
Does 21 divide 28799253?
True
Is 243 a factor of 655144759?
False
Is 532177743 a multiple of 1143?
False
Is 6062492 a multiple of 6?
False
Is 153561744 a multiple of 2268?
True
Does 791 divide 33651597?
False
Does 1364 divide 260712232?
True
Is 1190437815 a multiple of 185?
True
Is 2330766465 a multiple of 433?
False
Does 4867 divide 382899729?
False
Does 11389 divide 443521827?
True
Is 541 a factor of 283112333?
True
Does 6 divide 37625472?
True
Is 2 a factor of 103742207?
False
Is 1048494618 a multiple of 51?
True
Is 659 a factor of 209384729?
True
Is 573512747 a multiple of 349?
True
Is 586 a factor of 218436188?
True
Is 10589476 a multiple of 188?
True
Is 13282200 a multiple of 100?
True
Is 5 a factor of 47442640?
True
Does 454 divide 3412785970?
False
Does 134 divide 30344602?
False
Is 249381691 a multiple of 3?
False
Does 19 divide 105054880?
False
Is 139652115 a multiple of 383?
False
Is 25 a factor of 207678361?
False
Does 17 divide 984872424?
True
Does 175 divide 110426780?
False
Is 2259055630 a multiple of 2990?
True
Is 366 a factor of 2169222094?
False
Is 779898495 a multiple of 1238?
False
Is 20 a factor of 61472554?
False
Is 814018212 a multiple of 1106?
True
Is 30101624 a multiple of 38?
True
Is 49 a factor of 14550757?
False
Is 25361712 a multiple of 12?
True
Does 511 divide 28694425?
False
Is 4360500 a multiple of 1425?
True
Does 9 divide 142569378?
True
Does 24 divide 245158741?
False
Is 67289920 a multiple of 3?
False
Does 4731 divide 196991061?
False
Is 130 a factor of 31749910?
False
Is 1889733232 a multiple of 16?
True
Is 82246250 a multiple of 950?
True
Does 130 divide 37290760?
True
Is 88551821 a multiple of 824?
False
Does 1376 divide 1458660448?
True
Is 4030689526 a multiple of 58?
True
Is 641194176 a multiple of 928?
True
Is 33 a factor of 222228336?
True
Is 1779 a factor of 98528136?
True
Does 10 divide 25475700?
True
Is 11 a factor of 185122663?
True
Is 899 a factor of 49521415?
True
Is 1081131138 a multiple of 5022?
True
Is 1269 a factor of 494927766?
True
Is 1117 a factor of 417969208?
False
Does 216 divide 93802112?
False
Does 27 divide 900054558?
True
Is 21404336 a multiple of 724?
True
Is 204655420 a multiple of 818?
True
Is 14 a factor of 59496822?
True
Is 3 a factor of 66443796?
True
Is 17 a factor of 177060770?
False
Does 7275 divide 3274906725?
True
Does 43 divide 682655057?
True
Is 3183485 a multiple of 11?
False
Is 6037 a factor of 2089096895?
False
Is 199 a factor of 124210228?
True
Is 10458953 a multiple of 4?
False
Is 551274390 a multiple of 18?
True
Is 645166280 a multiple of 88?
True
Does 216 divide 126228280?
False
Does 176 divide 468748896?
True
Is 1020459537 a multiple of 123?
True
Does 122 divide 1023037088?
False
Is 280451777 a multiple of 8?
False
Does 64 divide 60702528?
True
Is 581194208 a multiple of 4?
True
Does 46 divide 11226303?
False
Is 326 a factor of 99442388?
True
Is 85 a factor of 12867555?
True
Is 552985436 a multiple of 486?
False
Does 6 divide 691788779?
False
Is 5887 a factor of 1966799669?
False
Does 643 divide 145862621?
True
Is 462 a factor of 562003134?
True
Is 11488815 a multiple of 585?
True
Is 429665962 a multiple of 2134?
True
Is 387456 a multiple of 8?
True
Does 226 divide 87549688?
True
Is 56 a factor of 37846479?
False
Is 41041131 a multiple of 110?
False
Is 25 a factor of 23301925?
True
Is 78 a factor of 362657958?
True
Is 329082957 a multiple of 4?
False
Is 53205479 a multiple of 714?
False
Does 133 divide 2350083?
False
Is 43602568 a multiple of 4?
True
Does 135 divide 15906422?
False
Is 2562383 a multiple of 6?
False
Is 61 a factor of 2080174944?
False
Is 135 a factor of 249808669?
False
Is 1351376844 a multiple of 237?
True
Does 202 divide 51476872?
True
Is 34 a factor of 25320072?
True
Is 334311467 a multiple of 83?
True
Is 7 a factor of 843291696?
False
Is 311252016 even?
True
Is 53 a factor of 1760535409?
False
Is 778 a factor of 77775882?
True
Does 15 divide 54420852?
False
Does 1152 divide 105928120?
False
Is 27 a factor of 72842243?
False
Is 84920542 a multiple of 367?
False
Does 2 div